
16854491
List the prime factors of 14098899.
3, 17, 276449
List the prime factors of 66151314.
2, 3, 53, 69341
What are the prime factors of 69015413?
83, 443, 1877
List the prime factors of 1500315265.
5, 139, 2158727
List the prime factors of 1354459118.
2, 19, 35643661
List the prime factors of 2869815496.
2, 358726937
List the prime factors of 19576563.
3, 6525521
What are the prime factors of 117094130?
2, 5, 17, 31, 1307
List the prime factors of 354749106.
2, 3, 433, 136547
What are the prime factors of 1725864748?
2, 431466187
What are the prime factors of 335508550?
2, 5, 13, 53, 9739
What are the prime factors of 1530689165?
5, 29, 61, 2837
What are the prime factors of 463100941?
20899, 22159
What are the prime factors of 142920984?
2, 3, 47, 126703
List the prime factors of 44464412.
2, 97, 114599
What are the prime factors of 212000599?
31, 6838729
What are the prime factors of 3241988920?
2, 5, 23, 3523901
List the prime factors of 46972088.
2, 17, 569, 607
What are the prime factors of 47307204?
2, 3, 7, 347, 541
What are the prime factors of 40664727?
3, 53, 157, 181
List the prime factors of 588129972.
2, 3, 49010831
List the prime factors of 2355850882.
2, 7, 11, 1390703
What are the prime factors of 3251252930?
2, 5, 29, 11211217
What are the prime factors of 1924180365?
3, 5, 128278691
List the prime factors of 30659515.
5, 61, 100523
List the prime factors of 135544761.
3, 11, 1369139
What are the prime factors of 102941177?
419, 245683
List the prime factors of 75134906.
2, 7, 11, 487889
What are the prime factors of 1035297822?
2, 3, 13, 13273049
What are the prime factors of 539612361?
3, 23, 32183
List the prime factors of 679561002.
2, 3, 29, 79, 1831
What are the prime factors of 53039975?
5, 73, 29063
List the prime factors of 56020279.
7, 389, 2939
List the prime factors of 38619578.
2, 19309789
List the prime factors of 955693302.
2, 3, 1321, 120577
What are the prime factors of 408986053?
7, 59, 990281
List the prime factors of 29860826.
2, 313, 47701
What are the prime factors of 3433296111?
3, 7, 509, 321199
List the prime factors of 2182747598.
2, 59, 18497861
What are the prime factors of 44590776?
2, 3, 1857949
List the prime factors of 166533738.
2, 3, 7, 53, 79, 947
What are the prime factors of 782253784?
2, 13, 97, 77543
What are the prime factors of 10955210?
2, 5, 7, 19, 8237
List the prime factors of 694333513.
43, 16147291
What are the prime factors of 35214051?
3, 691, 16987
What are the prime factors of 2677469791?
17, 7229, 21787
What are the prime factors of 694306608?
2, 3, 2897, 4993
List the prime factors of 157021386.
2, 3, 31, 844201
List the prime factors of 436940819.
7, 991, 62987
What are the prime factors of 128758259?
7, 227, 81031
What are the prime factors of 882322310?
2, 5, 31, 541, 5261
What are the prime factors of 1024816450?
2, 5, 7, 211, 13877
List the prime factors of 539151783.
3, 31, 223, 25997
What are the prime factors of 32287153?
89, 199, 1823
List the prime factors of 346081310.
2, 5, 173, 251, 797
List the prime factors of 480576715.
5, 96115343
What are the prime factors of 143585252?
2, 1019, 35227
List the prime factors of 306055255.
5, 11, 431, 12911
List the prime factors of 430964643.
3, 143654881
What are the prime factors of 302176790?
2, 5, 137, 367, 601
List the prime factors of 429297303.
3, 143099101
What are the prime factors of 132557860?
2, 5, 31, 47, 4549
List the prime factors of 188632006.
2, 227, 415489
List the prime factors of 255450795.
3, 5, 17030053
What are the prime factors of 1040633213?
67, 15531839
List the prime factors of 2138035591.
19, 112528189
What are the prime factors of 1605924938?
2, 29, 571, 48491
What are the prime factors of 518849289?
3, 7, 1176529
What are the prime factors of 39458725?
5, 19, 83071
What are the prime factors of 525379021?
37, 1129, 12577
What are the prime factors of 115417573?
17, 6789269
What are the prime factors of 1258530228?
2, 3, 34959173
List the prime factors of 45629506.
2, 13, 199, 8819
What are the prime factors of 5894702?
2, 11, 267941
What are the prime factors of 139825492?
2, 179, 401, 487
List the prime factors of 2399762053.
13, 227, 813203
What are the prime factors of 47766647?
3967, 12041
What are the prime factors of 2069626299?
3, 13, 409, 129749
What are the prime factors of 101593554?
2, 3, 29, 113, 5167
List the prime factors of 1470307336.
2, 1667, 110251
List the prime factors of 135876979.
7, 227, 233, 367
What are the prime factors of 86501193?
3, 2371, 12161
What are the prime factors of 1761624260?
2, 5, 11, 8007383
What are the prime factors of 47019508?
2, 563, 20879
What are the prime factors of 80184022?
2, 239, 271, 619
What are the prime factors of 168023195?
5, 431, 77969
What are the prime factors of 293269922?
2, 11, 13330451
What are the prime factors of 43751987?
4951, 8837
What are the prime factors of 451583405?
5, 7, 13, 277, 3583
What are the prime factors of 793195715?
5, 13, 12203011
What are the prime factors of 95399673?
3, 31799891
What are the prime factors of 66894566?
2, 373, 89671
List the prime factors of 772942120.
2, 5, 19323553
What are the prime factors of 292455696?
2, 3, 13, 37, 53, 239
List the prime factors of 3641717759.
887, 4105657
What are the prime factors of 616022868?
2, 3, 41, 1252079
What are the prime factors of 137831312?
2, 1747, 4931
List the prime factors of 239924777.
3571, 67187
List the prime factors of 17953846.
2, 23, 607, 643
List the prime factors of 85233153.
3, 28411051
List the prime factors of 960337182.
2, 3, 7, 47, 69499
List the prime factors of 1861109844.
2, 3, 11, 271, 52027
What are the prime factors of 393285955?
5, 43, 83, 22039
List the prime factors of 476195813.
7129, 66797
What are the prime factors of 1261616964?
2, 3, 105134747
List the prime factors of 107763849.
3, 2879, 4159
What are the prime factors of 64377533?
11, 137, 42719
List the prime factors of 5522483.
19, 290657
What are the prime factors of 622320391?
7, 11, 617, 13099
List the prime factors of 28590704.
2, 499, 3581
What are the prime factors of 232617695?
5, 46523539
What are the prime factors of 1082742780?
2, 3, 5, 7, 67, 109, 353
List the prime factors of 7985745596.
2, 1777, 1123487
What are the prime factors of 322682595?
3, 5, 149, 353, 409
List the prime factors of 2991789567.
3, 13, 8523617
What are the prime factors of 25842108?
2, 3, 17, 131, 967
List the prime factors of 64064958.
2, 3, 10677493
List the prime factors of 1941913162.
2, 7, 17, 61, 181, 739
List the prime factors of 11070267.
3, 13, 373, 761
List the prime factors of 555628903.
31, 1637, 10949
What are the prime factors of 826122942?
2, 3, 29, 131, 4027
List the prime factors of 420552607.
12739, 33013
What are the prime factors of 959323144?
2, 13, 9224261
What are the prime factors of 131937099?
3, 7, 71, 107, 827
What are the prime factors of 956753819?
7, 29, 41, 139, 827
List the prime factors of 54921693.
3, 18307231
What are the prime factors of 30515679?
3, 73, 46447
What are the prime factors of 269447317?
1447, 186211
List the prime factors of 169326199.
7, 24189457
List the prime factors of 147067307.
147067307
What are the prime factors of 94835395?
5, 73, 259823
What are the prime factors of 3536957533?
3536957533
List the prime factors of 1322230187.
23, 37, 1553737
What are the prime factors of 21756733?
21756733
List the prime factors of 92900119.
13, 127, 56269
What are the prime factors of 3029494897?
11, 13, 653, 32443
List the prime factors of 25525490.
2, 5, 271, 9419
What are the prime factors of 2313381416?
2, 557, 519161
List the prime factors of 925967141.
11, 97, 78893
List the prime factors of 728368050.
2, 3, 5, 4855787
What are the prime factors of 21165596?
2, 5291399
What are the prime factors of 887549404?
2, 7, 31698193
What are the prime factors of 56430713?
103, 547871
List the prime factors of 71267635.
5, 41, 509, 683
What are the prime factors of 4751783462?
2, 14489, 163979
List the prime factors of 816996781.
816996781
List the prime factors of 742645630.
2, 5, 29, 2560847
What are the prime factors of 97483096?
2, 31, 393077
What are the prime factors of 91283821?
91283821
List the prime factors of 1204666051.
120